 2*u - 41*u**2 + 5. Calculate a(-7).
5
Let z(l) = -3*l**2 + l - 3. Let t(y) = -5*y**2 + y - 6. Let a be -3 - (4 + -2) - 2. Let n be 8/10*(4 - -1). Let d(v) = a*z(v) + n*t(v). Determine d(3).
-3
Let u(h) = -7*h. Let x(c) be the third derivative of 0 + 1/6*c**3 - c**2 + 5/6*c**4 + 0*c. Let k(f) = -17*u(f) - 6*x(f). Calculate k(0).
-6
Let a(b) = 2*b**3 + 19*b**2 + 8*b + 4. Let v = -31 + 20. Let h(u) = 3*u**3 - 4*u**3 - 3*u - u - 10*u**2 - 2. Let c(s) = v*h(s) - 6*a(s). What is c(-3)?
1
Let z(h) be the first derivative of -h**4/4 - 7*h**3/3 - 3*h**2 - 5*h + 1. Let k(t) = t**2 + 12*t + 5. Let v be k(-11). What is z(v)?
-5
Let l(w) = 3 - 31*w**3 - 12 - 9*w**2 + 10*w + 32*w**3. Give l(8).
7
Let i(n) be the first derivative of n**2/2 + 6*n + 2. Suppose 1 - 9 = 2*s. Calculate i(s).
2
Let w(k) = -5*k + 3. Suppose 0 = 3*x + 2*x - 30. Let r(y) = -9*y + 5. Let h(a) = x*r(a) - 11*w(a). Determine h(6).
3
Let q(a) = 12*a**2 - 3 + 0 - 11*a**2. Calculate q(0).
-3
Let a(j) = -14*j + j**2 + 14*j - 2. Let q(x) = x + 9 - 5*x - 4*x + x**2. Let u be q(7). What is a(u)?
2
Let f(q) = q - 1. Let i be f(7). Let j be -2 - i/(1*-3). Let r be 10/(-6)*(j - 3). Let o(u) = -u**2 + 5*u. What is o(r)?
0
Let g(a) = 2*a + 2. Let x(i) = 23*i. Let m be x(1). Suppose 5*y + 4*p = m, -y + 2*p - 3 = -p. Determine g(y).
8
Suppose 0 = -4*x - t + 3, -x + 11 = -2*t - 1. Let n(m) = -7*m**2 - m - 2*m**x + 5*m**2. Let l be n(-1). Let o(j) = j**2 + 4*j + 4. Give o(l).
1
Let z(o) = o**3 + 3*o**2 + 3*o - 3. Let d be (0 - 3) + 0 + 14. Suppose -b - 2*m - 16 = 3*b, 3*b + m + d = 0. Calculate z(b).
-12
Let t(i) = -1 + 9*i**3 + 18*i**3 - 20*i**3. Determine t(1).
6
Let k(q) = -2*q - 3. Let r = 57 + -59. Determine k(r).
1
Suppose -4*z = z + 15. Let w(o) = 2 + 18*o - 5 + 4 - 21*o. Calculate w(z).
10
Suppose 5*z = -0*z. Let o(u) = 6*u**3 + z*u - 1 - u - 2*u**3 - 3*u**3. Determine o(0).
-1
Let y(o) = -o**3 - 4*o**2 - 4*o. Suppose -5*u - 19 = d, -4*u + 5*d = 3*d + 4. Calculate y(u).
3
Let j(y) = y - 7. Let z(s) = 3*s + 3. Let w be z(1). Determine j(w).
-1
Let o(v) = -v**3 - 3*v**2 + 3. Let k be o(-3). Suppose 4*u + 3*z - 1 = -0*z, 0 = -k*u + 3*z + 6. Let l(t) = -3*t - 1. What is l(u)?
-4
Let f(n) be the first derivative of -n**4/4 - 4*n**3/3 - n**2/2 + 4*n + 23. Calculate f(-4).
8
Suppose 24 - 3 = 3*k. Suppose -k*z = -2*z + 10. Let a(l) = -l**3 - 3*l**2 - 3*l. Determine a(z).
2
Let t be (-3)/(2 - -2 - 5). Let i(d) = -d**3 + 5*d**2 - 3*d - 1. What is i(t)?
8
Suppose -2*o - 2 = -3*o. Let l(g) = -g + 7. Let u be l(7). Let s(t) = -t**2 + t**3 + 1 + 0*t - 2*t + u*t**3 + 1. Calculate s(o).
2
Suppose 0 = 5*b - 8 - 17. Suppose d + 2*f = 6, 2*d - b*f + 2 = -2*d. Suppose 0 = -3*i - a + d, -2*i - 2*a - 3*a - 3 = 0. Let h(r) = 6*r**2 - r + 1. Give h(i).
6
Let n(k) = k**3 + 1. Let i be n(1). Suppose 2*o + i*o = 8, 5*o - 13 = -t. Let j be -3 - 0*t/9. Let d(h) = 2*h + 4. Calculate d(j).
-2
Let j(t) be the second derivative of 2*t**3/3 - 2*t. Let w be (-8 - 2)/(-2 + 0). Let q be (-8)/(-20)*w/1. Calculate j(q).
8
Let y(c) = 20*c + 8. Let w(t) = -5*t - 2. Let g(l) = -9*w(l) - 2*y(l). What is g(-3)?
-13
Let m be (-2)/(-13) - (-162)/(-39). Let j(t) = -t**2 - 3*t + 2. Let c(g) = -3*g**2 - 8*g + 6. Let v(u) = -2*c(u) + 7*j(u). Determine v(m).
6
Let n = -19 + 13. Let w(u) = -u - 11. Calculate w(n).
-5
Let t(h) = -4*h + 5. Let i(y) = -5*y + 6. Let f(n) = 3*i(n) - 4*t(n). Give f(3).
1
Suppose -5*z + 5 = -0*z. Suppose 0 = k - 3*f - 2, -2*k = f - 3 - z. Let r(q) be the third derivative of q**4/24 - q**3/6 + 2*q**2. What is r(k)?
1
Let s(g) be the first derivative of -7*g**3/3 - g**2 + g + 46. Let f(d) = d**3 + 8*d**2 + 7*d + 1. Let l be f(-7). Calculate s(l).
-8
Let b(f) be the second derivative of 2/3*f**3 + 3*f + 0*f**2 - 1/12*f**4 + 0. Let v be b(4). Let i(l) = -l**2 - l + 4. Give i(v).
4
Let d(r) = r**3 - 2*r**2 + r. Let v(z) = -z - 5. Let s be v(-3). Calculate d(s).
-18
Let m(g) = g**3 - 6*g**2 + 1. Let n(h) = -5*h**3 + 25*h**2 - h - 3. Let u(d) = 9*m(d) + 2*n(d). Suppose 0 = -j - 0*j - 3. What is u(j)?
0
Let d(x) = x - 1. Suppose 3*y + 55 = 8*y. Let b = 11 - y. Calculate d(b).
-1
Let c(w) be the second derivative of w**7/2520 + w**6/120 + w**5/120 + w**4/3 + 3*w. Let a(r) be the third derivative of c(r). What is a(-5)?
-4
Let d be 46/(-10) + 4/(-10)*1. Let i(q) = -q**3 - 6*q**2 - 6*q - 6. Give i(d).
-1
Suppose c + 3 = 5. Let a(q) = 5*q - 2. What is a(c)?
8
Let z(g) be the second derivative of -g**3/6 - 3*g**2/2 - 26*g. Suppose -20 = 4*m, 3*l + l - 15 = 3*m. Determine z(l).
-3
Let a(n) = 4*n - 6. Let w(f) = -5*f + 7. Let y(l) = 6*a(l) + 5*w(l). Let s be 2/(2/(-9)*3). Calculate y(s).
2
Let f(o) be the first derivative of -o**4/4 - 4*o**3/3 - 3*o**2/2 - 2*o + 6. Give f(-3).
-2
Let w(t) = t**2 - 11*t - 4. Let a = 90 - 80. Determine w(a).
-14
Let w(c) = -3*c**2 + 2*c - 1. Let z(b) = 2*b**2 - b + 1. Let a(m) = -3*w(m) - 4*z(m). Let q = -127 - -124. Calculate a(q).
14
Let n(b) = -b**3 + 6*b**2 + 7*b - 4. Suppose 2 = -5*p + 37. Let s be n(p). Let i(h) = 2*h + 3. Give i(s).
-5
Let h(a) = -3*a**3 - 2*a**3 - 9 - 3*a**2 + 4*a**3 - 4. Let q(j) = -6*j**3 - 16*j**2 - 65. Let d(y) = 11*h(y) - 2*q(y). What is d(0)?
-13
Let c(p) = p**2 - p + 1. Let t be c(2). Let x(v) = 2*v - 8. Let z(l) = 2*l - 7. Let u(i) = -6*x(i) + 7*z(i). Determine u(t).
5
Let c(s) = -55*s**2 + 25*s**2 - 2 + 29*s**2 - 5*s. Give c(-5).
-2
Let r(x) = -x**2 - 6*x + 2. Let a(m) = 3*m**2 + 11*m - 3. Let h(i) = 2*a(i) + 5*r(i). Calculate h(6).
-8
Let x(d) = -d + 3. Suppose 6 = -3*z - 0. Let a be (-40)/(-6) + z/3. Calculate x(a).
-3
Suppose 3*z - i = 12, z = -3*z + i + 17. Suppose 2*f = z*f - 3. Let y(j) = -j + 6 - f - 3 + 2*j. Give y(-4).
-2
Let y(m) = 3*m**3 + 3 + 9 + 0*m - 4*m**3 - 7*m**2 + 10*m. Let a be y(-8). Let l(o) = -o**3 - 5*o**2 - 2*o + 2. Calculate l(a).
-6
Let t(d) = 3*d - 2. Let v = 13 - 2. Let y be -4 + v/(44/24). Determine t(y).
4
Let z(y) be the second derivative of -y**4/2 + y**3/6 + 3*y. Give z(-1).
-7
Let c(t) be the first derivative of -t**2 - 15. Give c(-1).
2
Let h(x) = 3*x**2 - 6*x - 5. Let d(z) = 2*z**2 - 5*z - 4. Let u(s) = 4*d(s) - 3*h(s). Calculate u(-4).
-9
Let i(l) = 0*l**3 - 4*l**2 + 2 + 7*l + 5 + 11*l**2 + l**3. Let p = -13 + 7. Give i(p).
1
Let a be 3*(-8)/(-12)*1. Let n(s) = -3*s + 2. Determine n(a).
-4
Let s(n) = 11*n**2 + 3*n + 1. Suppose -2*z + z - 5 = 0. Let d(i) = 6*i**2 + 2*i + 1. Let t(p) = z*d(p) + 3*s(p). Determine t(2).
8
Suppose -2*i = -4*n + 758, -2*i - 5 = -7*i. Suppose -5*c + 10*c = n. Let r be c/8 - 3/(-12). Let m(j) = j - 6. Determine m(r).
-1
Let w = 45 + -17. Let a be (-7)/w - (-46)/(-8). Let b(j) = j**3 + 5*j**2 - 6*j - 4. Determine b(a).
-4
Suppose 0*w + 3*w = -3*i - 6, -2*i = -w - 8. Let a(j) = 3*j**2 - 2*j - 4*j**2 + 2*j**i. Let z(g) = 3*g + 21. Let m be z(-6). What is a(m)?
3
Let g(f) = -f**3 - f**2 + f - 1. Let w(y) = y**3 - y**2 + 1. Let l(o) = -g(o) - 2*w(o). Suppose -5*x + h = -5, 23 = 5*x + 3*h - 2. Calculate l(x).
1
Let s(w) = -5*w**3 + 3*w**2 + w. Let v(j) = 9*j**3 - 6*j**2 - j + 1. Let m(i) = -11*s(i) - 6*v(i). Calculate m(-4).
-2
Suppose 0 = m + m + 3*g + 1, -3*m - 2*g = -11. Let o(k) = k + 2. Let z be o(-2). Suppose z = 4*h + 19 - m. Let b(f) = -3*f - 4. What is b(h)?
5
Suppose 0*c + 4 = h - 2*c, 12 = 5*h - 2*c. Let w be -4 - 2 - (-1 - h). Let g(p) = p**3 + 4*p**2 + 3*p + 3. What is g(w)?
3
Let j(v) = 2*v**2 - 5*v - 9. Let l(r) = 0*r**2 - 2*r + r**2 - 2 - 3. Suppose 12 = -0*n + 3*n. Let z(q) = n*j(q) - 7*l(q). Calculate z(5).
-6
Let q(n) = 3*n**2 - 4*n + 2. Suppose 5*c = c + h + 21, -4*c = h - 27. Let r(k) = k - 4. Let z be r(c). Calculate q(z).
6
Let t(k) = k + 1. Let r(b) = 1. Let c be (-1)/2 - (-25)/(-10). Let z(l) = c*t(l) + 2*r(l). Calculate z(2).
-7
Let p(n) be the second derivative of -n**5/20 + n**4/2 - n**3/2 + n**2 + 2*n. Let c be p(3). Suppose -5*g = -g - c. Let h(m) = 2*m - 6. What is h(g)?
4
Let h = 9 + 2. Let r = -18 + h. Let k be (-2)/4 + r/2. Let z(i) = -i**3 - 3*i**2 + 5*i + 3. Give z(k).
-1
Suppose -2*t - 2*c - 10 = 2*t, 2*t + 3*c + 7 = 0. Let u(n) = 3*n - 14. Let v(a) = -7*a + 29. Let z(q) = t*v(q) - 5*u(q). What is z(5)?
7
Let g(t) = -1 + 4*t - 4*t + t + 0*t. Determine g(-4).
-5
Suppose 4*k - 4 = -2*f - 26, 4*f - 21 = 5*k. Let v(m) = 3 - 4*m + 5*m - 1. Give v(k).
-3
Let d(u) = u + u + 4*u*